{"id":4920,"date":"2001-01-01T15:47:24","date_gmt":"2001-01-01T15:47:24","guid":{"rendered":"https:\/\/test.akkreditierungsrat.ch\/info\/prof-jean-marc-rapp-presidente\/"},"modified":"2023-05-25T10:12:08","modified_gmt":"2023-05-25T10:12:08","slug":"dr-markus-hodel","status":"publish","type":"portfolio_page","link":"https:\/\/akkreditierungsrat.ch\/it\/info\/dr-markus-hodel\/","title":{"rendered":"Dr Markus Hodel <br> <span>Presidente<\/span>"},"content":{"rendered":"<p>Markus Hodel ha studiato storia all\u2019Universit\u00e0 di Friburgo. Ha conseguito un dottorato in storia contemporanea e ha completato la formazione manageriale nel quadro dell\u2019International Executive Programme (IEP) presso l\u2019INSEAD di Fontainebleau, vicino a Parigi. Ha maturato diversi anni di esperienza professionale a Friburgo e Berna. Dal 1996 al 2002 \u00e8 stato a capo della sezione per l\u2019istruzione superiore del Dipartimento della Formazione del Cantone di Lucerna. \u00c8 stato poi rettore della Scuola universitaria professionale di Lucerna dal 2003 al 2008.<\/p>\n<p>Dal 2004 al 2007 Markus Hodel \u00e8 stato presidente della Conferenza dei rettori delle scuole universitarie professionali svizzere (KFH). \u00c8 stato poi cancelliere di Stato del Cantone di Lucerna dal 2008 al 2011. Dal 2012 al 2022 \u00e8 stato nuovamente rettore della Scuola universitaria professionale di Lucerna e presidente della direzione della scuola universitaria. Durante il suo rettorato, \u00e8 stato membro del Consiglio di fondazione del Fondo nazionale svizzero e di varie delegazioni di swissuniversities, nonch\u00e9 presidente dell\u2019Associazione svizzera Higher Education Management e della Conferenza di B\u00fcrgenstock.<\/p>\n","protected":false},"excerpt":{"rendered":"<p>Pr\u00e4sident<\/p>\n","protected":false},"author":13,"featured_media":7274,"menu_order":0,"comment_status":"closed","ping_status":"closed","template":"","portfolio_category":[132],"portfolio_tag":[],"class_list":["post-4920","portfolio_page","type-portfolio_page","status-publish","has-post-thumbnail","hentry","portfolio_category-accreditamento"],"_links":{"self":[{"href":"https:\/\/akkreditierungsrat.ch\/it\/wp-json\/wp\/v2\/portfolio_page\/4920","targetHints":{"allow":["GET"]}}],"collection":[{"href":"https:\/\/akkreditierungsrat.ch\/it\/wp-json\/wp\/v2\/portfolio_page"}],"about":[{"href":"https:\/\/akkreditierungsrat.ch\/it\/wp-json\/wp\/v2\/types\/portfolio_page"}],"author":[{"embeddable":true,"href":"https:\/\/akkreditierungsrat.ch\/it\/wp-json\/wp\/v2\/users\/13"}],"replies":[{"embeddable":true,"href":"https:\/\/akkreditierungsrat.ch\/it\/wp-json\/wp\/v2\/comments?post=4920"}],"wp:featuredmedia":[{"embeddable":true,"href":"https:\/\/akkreditierungsrat.ch\/it\/wp-json\/wp\/v2\/media\/7274"}],"wp:attachment":[{"href":"https:\/\/akkreditierungsrat.ch\/it\/wp-json\/wp\/v2\/media?parent=4920"}],"wp:term":[{"taxonomy":"portfolio_category","embeddable":true,"href":"https:\/\/akkreditierungsrat.ch\/it\/wp-json\/wp\/v2\/portfolio_category?post=4920"},{"taxonomy":"portfolio_tag","embeddable":true,"href":"https:\/\/akkreditierungsrat.ch\/it\/wp-json\/wp\/v2\/portfolio_tag?post=4920"}],"curies":[{"name":"wp","href":"https:\/\/api.w.org\/{rel}","templated":true}]}}

<p>Markus Hodel ha studiato storia all’Università di Friburgo. Ha conseguito un dottorato in storia contemporanea e ha completato la formazione manageriale nel quadro dell’International Executive Programme (IEP) presso l’INSEAD di Fontainebleau, vicino a Parigi. Ha maturato diversi anni di esperienza professionale a Friburgo e Berna. Dal 1996 al 2002 è stato a capo della sezione per l’istruzione superiore del Dipartimento della Formazione del Cantone di Lucerna. È stato poi rettore della Scuola universitaria professionale di Lucerna dal 2003 al 2008.</p>
<p>Dal 2004 al 2007 Markus Hodel è stato presidente della Conferenza dei rettori delle scuole universitarie professionali svizzere (KFH). È stato poi cancelliere di Stato del Cantone di Lucerna dal 2008 al 2011. Dal 2012 al 2022 è stato nuovamente rettore della Scuola universitaria professionale di Lucerna e presidente della direzione della scuola universitaria. Durante il suo rettorato, è stato membro del Consiglio di fondazione del Fondo nazionale svizzero e di varie delegazioni di swissuniversities, nonché presidente dell’Associazione svizzera Higher Education Management e della Conferenza di Bürgenstock.</p>

<p>Präsident</p>
